{"id":234,"date":"2016-12-26T01:43:13","date_gmt":"2016-12-26T00:43:13","guid":{"rendered":"http:\/\/www.muzeumpojisteni.cz\/?page_id=234"},"modified":"2021-04-16T22:28:09","modified_gmt":"2021-04-16T20:28:09","slug":"muzeum-pojisteni","status":"publish","type":"page","link":"https:\/\/www.muzeumpojisteni.cz\/","title":{"rendered":"Muzeum poji\u0161t\u011bn\u00ed"},"content":{"rendered":"<p><img loading=\"lazy\" decoding=\"async\" class=\"wp-image-2395 alignleft\" src=\"http:\/\/www.muzeumpojisteni.cz\/wp-content\/uploads\/2016\/12\/MP_412_p2_foto-112x150.jpg\" alt=\"\" width=\"211\" height=\"283\" srcset=\"https:\/\/www.muzeumpojisteni.cz\/wp-content\/uploads\/2016\/12\/MP_412_p2_foto-112x150.jpg 112w, https:\/\/www.muzeumpojisteni.cz\/wp-content\/uploads\/2016\/12\/MP_412_p2_foto-768x1025.jpg 768w, https:\/\/www.muzeumpojisteni.cz\/wp-content\/uploads\/2016\/12\/MP_412_p2_foto-767x1024.jpg 767w, https:\/\/www.muzeumpojisteni.cz\/wp-content\/uploads\/2016\/12\/MP_412_p2_foto-958x1279.jpg 958w\" sizes=\"(max-width: 211px) 100vw, 211px\" \/><\/p>\n<p>&nbsp;<\/p>\n<p><span style=\"color: #333333;\">V\u00edtejte na str\u00e1nk\u00e1ch <strong>Muzea poji\u0161t\u011bn\u00ed<\/strong>, kter\u00e9 v&nbsp;tuto chv\u00edli m\u00e1 pouze tuto svou virtu\u00e1ln\u00ed expozici. <\/span><span style=\"color: #333333;\">M\u016f\u017eete zde nal\u00e9zt p\u0159edm\u011bty spojen\u00e9 s&nbsp;poji\u0161t\u011bn\u00edm a poji\u0161\u0165ovnictv\u00edm v&nbsp;\u010cech\u00e1ch, na Morav\u011b, ve Slezsku a na Slovensku a historicky v&nbsp;Rakousku-Uhersku. Vzhledem k&nbsp;siln\u00e9mu vlivu N\u011bmecka\u00a0<\/span><span style=\"color: #333333;\">na na\u0161i republiku zejm\u00e9na v&nbsp;meziv\u00e1le\u010dn\u00e9m obdob\u00ed a p\u016fsobnosti n\u011bmeck\u00fdch poji\u0161\u0165oven na na\u0161em \u00fazem\u00ed v&nbsp;obdob\u00ed prvn\u00ed republiky a b\u011bhem Protektor\u00e1tu jsou zastoupeny i u n\u00e1s p\u016fsob\u00edc\u00ed n\u011bmeck\u00e9 poji\u0161\u0165ovny. M\u016f\u017eete tak zde nal\u00e9zt v\u00edce ne\u017e 2200 p\u0159edm\u011bt\u016f od t\u00e9m\u011b\u0159 ne\u017e 300 poji\u0161\u0165oven.<\/span><\/p>\n<p><span style=\"color: #333333;\">Zam\u011b\u0159ujeme se zejm\u00e9na na <strong>cedule\/\u0161t\u00edty<\/strong>, kter\u00e9 v&nbsp;minulosti zdobily jak jednatelstv\u00ed poji\u0161\u0165oven, tak i poji\u0161t\u011bn\u00e9 objekty. Aktu\u00e1ln\u011b jich v&nbsp;t\u00e9to virtu\u00e1ln\u00ed expozici m\u016f\u017eete naj\u00edt p\u0159es 200. Sch\u00e1zet nemohu samoz\u0159ejm\u011b <strong>pojistn\u00e9 smlouvy<\/strong>, kter\u00e9 byly mnohdy opravdu kr\u00e1sn\u00e9.\u00a0Krom\u011b cedul\u00ed\/\u0161t\u00edt\u016f a pojistn\u00fdch smluv v\u0161ak v&nbsp;t\u00e9to expozici budeme dod\u00e1vat i jin\u00e9 p\u0159edm\u011bty spojen\u00e9 s&nbsp;poji\u0161t\u011bn\u00edm a poji\u0161\u0165ovnictv\u00edm a douf\u00e1me, \u017ee se V\u00e1m budou l\u00edbit. <\/span><\/p>\n<p><span style=\"color: #333333;\">Sb\u00edrku neust\u00e1le roz\u0161i\u0159ujeme. Pokud m\u00e1te doma jak\u00fdkoliv materi\u00e1l spojen\u00fd s&nbsp;\u010ds.poji\u0161\u0165ovnicv\u00edm a m\u016f\u017eete jej postr\u00e1dat, budeme V\u00e1m vd\u011b\u010dn\u00ed za nab\u00eddku k&nbsp;odkupu. N\u00e1sledn\u011b tyto materi\u00e1ly r\u00e1di uchov\u00e1me a zp\u0159\u00edstupn\u00edme dal\u0161\u00edm generac\u00edm.\u00a0<\/span><\/p>\n<p>&nbsp;<\/p>\n","protected":false},"excerpt":{"rendered":"<p>&nbsp; V\u00edtejte na str\u00e1nk\u00e1ch Muzea poji\u0161t\u011bn\u00ed, kter\u00e9 v&nbsp;tuto chv\u00edli m\u00e1 pouze tuto svou virtu\u00e1ln\u00ed expozici. M\u016f\u017eete zde nal\u00e9zt p\u0159edm\u011bty spojen\u00e9 s&nbsp;poji\u0161t\u011bn\u00edm a poji\u0161\u0165ovnictv\u00edm v&nbsp;\u010cech\u00e1ch, na Morav\u011b, ve Slezsku a na Slovensku a historicky v&nbsp;Rakousku-Uhersku. Vzhledem k&nbsp;siln\u00e9mu vlivu N\u011bmecka\u00a0na na\u0161i republiku zejm\u00e9na v&nbsp;meziv\u00e1le\u010dn\u00e9m obdob\u00ed a p\u016fsobnosti n\u011bmeck\u00fdch poji\u0161\u0165oven na na\u0161em \u00fazem\u00ed v&nbsp;obdob\u00ed prvn\u00ed republiky a b\u011bhem Protektor\u00e1tu jsou zastoupeny i u n\u00e1s p\u016fsob\u00edc\u00ed n\u011bmeck\u00e9 poji\u0161\u0165ovny. M\u016f\u017eete tak zde nal\u00e9zt v\u00edce ne\u017e 2200 p\u0159edm\u011bt\u016f od t\u00e9m\u011b\u0159 ne\u017e 300 poji\u0161\u0165oven. Zam\u011b\u0159ujeme se zejm\u00e9na na cedule\/\u0161t\u00edty, kter\u00e9 v&nbsp;minulosti zdobily jak jednatelstv\u00ed poji\u0161\u0165oven, tak i poji\u0161t\u011bn\u00e9 objekty. Aktu\u00e1ln\u011b jich v&nbsp;t\u00e9to virtu\u00e1ln\u00ed expozici m\u016f\u017eete naj\u00edt p\u0159es 200. Sch\u00e1zet nemohu samoz\u0159ejm\u011b pojistn\u00e9 smlouvy, kter\u00e9 byly mnohdy opravdu kr\u00e1sn\u00e9.\u00a0Krom\u011b cedul\u00ed\/\u0161t\u00edt\u016f a pojistn\u00fdch smluv v\u0161ak v&nbsp;t\u00e9to expozici budeme dod\u00e1vat i jin\u00e9 p\u0159edm\u011bty spojen\u00e9 s&nbsp;poji\u0161t\u011bn\u00edm a poji\u0161\u0165ovnictv\u00edm a douf\u00e1me, \u017ee se V\u00e1m budou l\u00edbit. Sb\u00edrku neust\u00e1le roz\u0161i\u0159ujeme. Pokud m\u00e1te doma jak\u00fdkoliv materi\u00e1l spojen\u00fd s&nbsp;\u010ds.poji\u0161\u0165ovnicv\u00edm a m\u016f\u017eete jej postr\u00e1dat, budeme V\u00e1m vd\u011b\u010dn\u00ed za nab\u00eddku k&nbsp;odkupu. N\u00e1sledn\u011b tyto materi\u00e1ly r\u00e1di uchov\u00e1me a zp\u0159\u00edstupn\u00edme dal\u0161\u00edm generac\u00edm.\u00a0 &nbsp;<\/p>\n","protected":false},"author":1,"featured_media":0,"parent":0,"menu_order":0,"comment_status":"closed","ping_status":"closed","template":"","meta":{"_exactmetrics_skip_tracking":false,"_exactmetrics_sitenote_active":false,"_exactmetrics_sitenote_note":"","_exactmetrics_sitenote_category":0,"footnotes":""},"_links":{"self":[{"href":"https:\/\/www.muzeumpojisteni.cz\/index.php?rest_route=\/wp\/v2\/pages\/234"}],"collection":[{"href":"https:\/\/www.muzeumpojisteni.cz\/index.php?rest_route=\/wp\/v2\/pages"}],"about":[{"href":"https:\/\/www.muzeumpojisteni.cz\/index.php?rest_route=\/wp\/v2\/types\/page"}],"author":[{"embeddable":true,"href":"https:\/\/www.muzeumpojisteni.cz\/index.php?rest_route=\/wp\/v2\/users\/1"}],"replies":[{"embeddable":true,"href":"https:\/\/www.muzeumpojisteni.cz\/index.php?rest_route=%2Fwp%2Fv2%2Fcomments&post=234"}],"version-history":[{"count":33,"href":"https:\/\/www.muzeumpojisteni.cz\/index.php?rest_route=\/wp\/v2\/pages\/234\/revisions"}],"predecessor-version":[{"id":17769,"href":"https:\/\/www.muzeumpojisteni.cz\/index.php?rest_route=\/wp\/v2\/pages\/234\/revisions\/17769"}],"wp:attachment":[{"href":"https:\/\/www.muzeumpojisteni.cz\/index.php?rest_route=%2Fwp%2Fv2%2Fmedia&parent=234"}],"curies":[{"name":"wp","href":"https:\/\/api.w.org\/{rel}","templated":true}]}}

Muzeum pojištění

<p><img loading="lazy" decoding="async" class="wp-image-2395 alignleft" src="http://www.muzeumpojisteni.cz/wp-content/uploads/2016/12/MP_412_p2_foto-112x150.jpg" alt="" width="211" height="283" srcset="https://www.muzeumpojisteni.cz/wp-content/uploads/2016/12/MP_412_p2_foto-112x150.jpg 112w, https://www.muzeumpojisteni.cz/wp-content/uploads/2016/12/MP_412_p2_foto-768x1025.jpg 768w, https://www.muzeumpojisteni.cz/wp-content/uploads/2016/12/MP_412_p2_foto-767x1024.jpg 767w, https://www.muzeumpojisteni.cz/wp-content/uploads/2016/12/MP_412_p2_foto-958x1279.jpg 958w" sizes="(max-width: 211px) 100vw, 211px" /></p>
<p>&nbsp;</p>
<p><span style="color: #333333;">Vítejte na stránkách <strong>Muzea pojištění</strong>, které v&nbsp;tuto chvíli má pouze tuto svou virtuální expozici. </span><span style="color: #333333;">Můžete zde nalézt předměty spojené s&nbsp;pojištěním a pojišťovnictvím v&nbsp;Čechách, na Moravě, ve Slezsku a na Slovensku a historicky v&nbsp;Rakousku-Uhersku. Vzhledem k&nbsp;silnému vlivu Německa </span><span style="color: #333333;">na naši republiku zejména v&nbsp;meziválečném období a působnosti německých pojišťoven na našem území v&nbsp;období první republiky a během Protektorátu jsou zastoupeny i u nás působící německé pojišťovny. Můžete tak zde nalézt více než 2200 předmětů od téměř než 300 pojišťoven.</span></p>
<p><span style="color: #333333;">Zaměřujeme se zejména na <strong>cedule/štíty</strong>, které v&nbsp;minulosti zdobily jak jednatelství pojišťoven, tak i pojištěné objekty. Aktuálně jich v&nbsp;této virtuální expozici můžete najít přes 200. Scházet nemohu samozřejmě <strong>pojistné smlouvy</strong>, které byly mnohdy opravdu krásné. Kromě cedulí/štítů a pojistných smluv však v&nbsp;této expozici budeme dodávat i jiné předměty spojené s&nbsp;pojištěním a pojišťovnictvím a doufáme, že se Vám budou líbit. </span></p>
<p><span style="color: #333333;">Sbírku neustále rozšiřujeme. Pokud máte doma jakýkoliv materiál spojený s&nbsp;čs.pojišťovnicvím a můžete jej postrádat, budeme Vám vděční za nabídku k&nbsp;odkupu. Následně tyto materiály rádi uchováme a zpřístupníme dalším generacím. </span></p>
<p>&nbsp;</p>

<p>&nbsp; Vítejte na stránkách Muzea pojištění, které v&nbsp;tuto chvíli má pouze tuto svou virtuální expozici. Můžete zde nalézt předměty spojené s&nbsp;pojištěním a pojišťovnictvím v&nbsp;Čechách, na Moravě, ve Slezsku a na Slovensku a historicky v&nbsp;Rakousku-Uhersku. Vzhledem k&nbsp;silnému vlivu Německa na naši republiku zejména v&nbsp;meziválečném období a působnosti německých pojišťoven na našem území v&nbsp;období první republiky a během Protektorátu jsou zastoupeny i u nás působící německé pojišťovny. Můžete tak zde nalézt více než 2200 předmětů od téměř než 300 pojišťoven. Zaměřujeme se zejména na cedule/štíty, které v&nbsp;minulosti zdobily jak jednatelství pojišťoven, tak i pojištěné objekty. Aktuálně jich v&nbsp;této virtuální expozici můžete najít přes 200. Scházet nemohu samozřejmě pojistné smlouvy, které byly mnohdy opravdu krásné. Kromě cedulí/štítů a pojistných smluv však v&nbsp;této expozici budeme dodávat i jiné předměty spojené s&nbsp;pojištěním a pojišťovnictvím a doufáme, že se Vám budou líbit. Sbírku neustále rozšiřujeme. Pokud máte doma jakýkoliv materiál spojený s&nbsp;čs.pojišťovnicvím a můžete jej postrádat, budeme Vám vděční za nabídku k&nbsp;odkupu. Následně tyto materiály rádi uchováme a zpřístupníme dalším generacím.  &nbsp;</p>
