{"id":24,"date":"2016-11-20T08:59:07","date_gmt":"2016-11-20T07:59:07","guid":{"rendered":"http:\/\/www.muzeumpojisteni.cz\/?page_id=24"},"modified":"2016-11-26T23:06:21","modified_gmt":"2016-11-26T22:06:21","slug":"o-nas-3","status":"publish","type":"page","link":"https:\/\/www.muzeumpojisteni.cz\/?page_id=24","title":{"rendered":"\u010ceskoslovensko 1918-1945"},"content":{"rendered":"<p>Zde bude text historie poji\u0161\u0165ovnictv\u00ed v\u00a0\u010ceskoslovensku 1918 &#8211; 1945<\/p>\n","protected":false},"excerpt":{"rendered":"<p>Zde bude text historie poji\u0161\u0165ovnictv\u00ed v\u00a0\u010ceskoslovensku 1918 &#8211; 1945<\/p>\n","protected":false},"author":1,"featured_media":0,"parent":0,"menu_order":1,"comment_status":"closed","ping_status":"closed","template":"","meta":{"_exactmetrics_skip_tracking":false,"_exactmetrics_sitenote_active":false,"_exactmetrics_sitenote_note":"","_exactmetrics_sitenote_category":0,"footnotes":""},"_links":{"self":[{"href":"https:\/\/www.muzeumpojisteni.cz\/index.php?rest_route=\/wp\/v2\/pages\/24"}],"collection":[{"href":"https:\/\/www.muzeumpojisteni.cz\/index.php?rest_route=\/wp\/v2\/pages"}],"about":[{"href":"https:\/\/www.muzeumpojisteni.cz\/index.php?rest_route=\/wp\/v2\/types\/page"}],"author":[{"embeddable":true,"href":"https:\/\/www.muzeumpojisteni.cz\/index.php?rest_route=\/wp\/v2\/users\/1"}],"replies":[{"embeddable":true,"href":"https:\/\/www.muzeumpojisteni.cz\/index.php?rest_route=%2Fwp%2Fv2%2Fcomments&post=24"}],"version-history":[{"count":4,"href":"https:\/\/www.muzeumpojisteni.cz\/index.php?rest_route=\/wp\/v2\/pages\/24\/revisions"}],"predecessor-version":[{"id":120,"href":"https:\/\/www.muzeumpojisteni.cz\/index.php?rest_route=\/wp\/v2\/pages\/24\/revisions\/120"}],"wp:attachment":[{"href":"https:\/\/www.muzeumpojisteni.cz\/index.php?rest_route=%2Fwp%2Fv2%2Fmedia&parent=24"}],"curies":[{"name":"wp","href":"https:\/\/api.w.org\/{rel}","templated":true}]}}